).
-14
Let k(s) = -3*s**3 - 4*s**2 - 2*s. Determine k(-3).
51
Let u(a) = 2*a**2 + 15*a + 40. Determine u(-9).
67
Let k(c) = 50*c**2 - 6347*c - 353. What is k(127)?
28
Let s(g) = -110*g**2 - 4949*g + 57. Give s(-45).
12
Let o(b) = -b**2 + 433*b + 1733. Give o(-4).
-15
Let b(o) = -4*o**2 + 8*o - 3. Give b(5).
-63
Let v(x) = x**2 - 166*x - 8985. Calculate v(-43).
2
Let n(z) = -139*z - 90. Give n(-1).
49
Let s(a) = -a**3 + 5*a**2 - 6*a + 91. Determine s(7).
-49
Let r(n) = -6*n + 103. Calculate r(30).
-77
Let s(d) = d**3 - d**2 - 18*d + 31. Calculate s(0).
31
Let r(d) = -d**3 + 13*d**2 - 5*d + 8. Give r(6).
230
Let j(c) = -c**3 + 75*c**2 - 363*c + 10585. Calculate j(72).
1
Let q(j) = 43*j**3 + j**2 + 8*j - 10. Calculate q(1).
42
Let q(k) = k**3 + 29*k**2 + 102*k + 639. Give q(-26).
15
Let z(r) = -14*r + 177. Determine z(12).
9
Let k(q) = -9*q**2 - 54*q + 53. Give k(1).
-10
Let s(q) = -11*q**2 + 6*q + 7. What is s(-1)?
-10
Let k(l) = 23*l + 378. What is k(32)?
1114
Let m(z) = z**3 - 4*z**2 - 199*z - 847. What is m(18)?
107
Let m(z) = -44*z - 25. Give m(-5).
195
Let m(x) = -2*x**3 - 33*x**2 - 112*x - 21. What is m(-4)?
27
Let i(s) = 3*s**2 - 70*s - 242. Calculate i(-4).
86
Let i(t) = 2058*t - 49399. Give i(24).
-7
Let y(u) = u**3 + 13*u**2 + 77*u + 750. Determine y(-12).
-30
Let q(i) = i**2 - 5023*i + 20070. What is q(4)?
-6
Let q(z) = z**3 - z**2 + 3. Determine q(-3).
-33
Let s(c) = -12938*c + 77620. Give s(6).
-8
Let q(s) = 89*s + 164. Determine q(-2).
-14
Let q(c) = -417*c**2 + 14177*c + 32. Determine q(34).
-2
Let m(n) = 13*n**2 + 676*n - 23. Determine m(-52).
-23
Let n(c) = c**3 - 14*c**2 - 45*c + 2. Give n(-4).
-106
Let d(l) = -10*l**3 + 2*l**2 + 7*l - 9. What is d(1)?
-10
Let d(b) = -b**3 + 4*b**2 + 7*b - 14. Give d(5).
-4
Let q(k) = -k**3 - 6*k**2 - k + 36. Calculate q(-4).
8
Let b(i) = -i**2 + 271*i - 7840. Calculate b(33).
14
Let f(q) = q**2 - 63*q + 978. Determine f(38).
28
Let l(a) = 2*a**3 + 13*a**2 - 6*a + 8. Give l(-6).
80
Let h(b) = -55*b**2 + 31*b - 31. Determine h(1).
-55
Let u(z) = -2*z**3 - 5*z**2 - 59*z - 172. Give u(-3).
14
Let o(x) = x**2 + 269*x + 8677. What is o(-37)?
93
Let p(m) = -m**2 + 37*m - 44. Give p(18).
298
Let m(y) = -y**3 + 11*y**2 + 16*y - 35. Determine m(12).
13
Let p(u) = 10*u + 568. Determine p(-37).
198
Let a(s) = -3*s - 11. Determine a(-10).
19
Let g(m) = -3*m**3 + 94*m**2 - 31*m - 22. Determine g(31).
-22
Let s(h) = 44*h - 104. Give s(2).
-16
Let r(f) = 4*f**2 - 208*f + 365. Give r(50).
-35
Let x(b) = -5*b**2 - 154*b + 608. Calculate x(4).
-88
Let z(a) = 5*a**2 - 49*a + 160. Calculate z(8).
88
Let t(w) = -2*w**3 + 3*w**2 + 9*w + 2. Calculate t(0).
2
Let m(g) = 2*g**3 + 69*g**2 - 34*g + 42. Calculate m(-35).
7
Let m(u) = 303*u - 65. Determine m(-1).
-368
Let q(g) = -g**3 - 30*g**2 - 60*g - 39. What is q(-28)?
73
Let f(i) = -3*i**2 + 64*i - 121. Give f(30).
-901
Let t(o) = 2*o**2 + 14*o - 11. Give t(5).
109
Let w(n) = -5*n + 52. Calculate w(-25).
177
Let b(c) = 55*c + 2831. Determine b(-52).
-29
Let w(t) = 208*t - 465. What is w(3)?
159
Let j(y) = 2*y**2 + 153*y - 170. Calculate j(-78).
64
Let w(m) = -m**2 - 81*m + 1169. Give w(11).
157
Let w(y) = -y**2 + 9*y + 990. Calculate w(-26).
80
Let j(z) = -2*z**2 + 169*z + 1293. Calculate j(-7).
12
Let q(r) = r**2 - 21*r - 432. Determine q(33).
-36
Let f(p) = 24*p**3 - p**2 + 5*p + 7. Give f(-1).
-23
Let w(q) = q**3 - 40*q**2 + 46*q - 204. Calculate w(39).
69
Let l(i) = -50*i - 127. Give l(2).
-227
Let w(j) = 758*j - 6845. Calculate w(9).
-23
Let q(k) = 133*k - 800. Determine q(6).
-2
Let w(x) = -148*x + 103. What is w(1)?
-45
Let h(d) = d**3 - 21*d**2 + 97*d + 141. Calculate h(11).
-2
Let t(g) = 2*g**3 + 63*g**2 - 37*g - 175. Determine t(-32).
-15
Let x(p) = -p**3 + 26*p**2 - 53*p + 191. Give x(24).
71
Let h(s) = 39*s + 63. What is h(-12)?
-405
Let j(g) = 2036*g + 24432. Give j(-12).
0
Let x(w) = 139*w + 2491. Determine x(-18).
-11
Let g(r) = 4381*r + 56943. Calculate g(-13).
-10
Let c(i) = -i**2 - 76*i + 1270. Determine c(-90).
10
Let u(f) = f**2 - 350*f + 17164. Calculate u(59).
-5
Let u(c) = -3*c**2 + 10*c + 117. Determine u(-7).
-100
Let r(y) = 9*y**2 - 113*y - 60. Give r(13).
-8
Let u(w) = 10*w + 630. Give u(-65).
-20
Let s(r) = -r**3 + 38*r**2 + 122*r + 113. What is s(41)?
72
Let z(b) = 571*b - 1771. Determine z(3).
-58
Let m(p) = 4*p**3 + 76*p**2 - 7*p - 54. Give m(-19).
79
Let k(r) = -2*r**3 + 5*r**2 + 121*r - 440. Give k(4).
-4
Let j(a) = 37*a + 233. Give j(6).
455
Let t(c) = -c**3 - 19*c**2 + 100*c - 12. Determine t(4).
20
Let b(r) = 660*r - 44902. Determine b(68).
-22
Let r(y) = 11372*y - 34103. What is r(3)?
13
Let g(d) = d**3 - 156*d**2 + 1530*d + 9421. What is g(145)?
-4
Let y(k) = k**2 - 24*k + 16. Calculate y(23).
-7
Let x(t) = -17*t**2 + 3*t - 82. Give x(0).
-82
Let v(p) = -71*p + 2035. Give v(29).
-24
Let p(r) = -153*r**2 + 2297*r - 25. What is p(15)?
5
Let t(l) = l**3 + 68*l**2 + 262*l + 382. Calculate t(-64).
-2
Let y(f) = 71*f + 2477. Give y(-35).
-8
Let m(z) = -179*z + 532. What is m(3)?
-5
Let z(p) = 2*p**2 - 42*p + 344. Determine z(15).
164
Let o(w) = -56*w**3 - w**2 + 18*w + 18. Give o(-1).
55
Let m(v) = v - 53. Give m(37).
-16
Let p(c) = -2*c**3 - 48*c**2 - 15*c - 51. Calculate p(-24).
309
Let g(d) = d**3 - 23*d**2 + 127*d - 21. Determine g(13).
-60
Let s(y) = 87*y + 25. What is s(0)?
25
Let w(v) = v**3 + 4*v**2 - 19*v - 86. Determine w(-4).
-10
Let k(l) = -245*l - 2044. Determine k(-8).
-84
Let c(k) = -15*k**2 - k - 30. What is c(3)?
-168
Let s(w) = -6*w - 149. Determine s(-26).
7
Let b(h) = 255*h + 2797. Give b(-11).
-8
Let u(r) = 13*r + 488. Give u(-33).
59
Let g(r) = -528*r + 41207. Determine g(78).
23
Let f(s) = 2*s**2 + 4760*s - 110537. Calculate f(23).
1
Let v(r) = -r**3 + 4*r**2 - 16*r + 1. Determine v(3).
-38
Let q(i) = -3*i**2 + 71*i + 322. Determine q(-4).
-10
Let v(i) = 509*i - 15274. Determine v(30).
-4
Let l(h) = -218*h + 605. Determine l(3).
-49
Let k(d) = d**3 - 19*d**2 - 32*d + 22. Give k(20).
-218
Let q(r) = -3976*r**2 - 23857*r. Determine q(-6).
6
Let p(v) = -v**2 + 72*v - 1136. What is p(49)?
-9
Let w(u) = -11*u + 379. What is w(11)?
258
Let a(n) = -7*n**3 - 132*n**2 + 16*n - 46. What is a(-19)?
11
Let a(w) = -w**2 + 41*w - 305. What is a(32)?
-17
Let v(o) = -o**3 - 29*o**2 - 29*o + 1. Determine v(-28).
29
Let n(b) = -2*b**2 - 56*b - 575. Determine n(-17).
-201
Let r(x) = -50*x**2 + 15*x - 2. Calculate r(1).
-37
Let i(h) = -624*h + 631. Determine i(1).
7
Let l(m) = -8*m - 19. Give l(-22).
157
Let q(t) = t**2 + 12*t - 32. Calculate q(-14).
-4
Let k(n) = 49*n + 298. Determine k(-6).
4
Let m(a) = -135*a + 33613. Calculate m(249).
-2
Let k(u) = -u**3 - 11*u**2 - 20*u - 3. Determine k(-8).
-35
Let d(w) = -6*w**2 + 14*w - 14. Calculate d(4).
-54
Let c(t) = -2*t**3 - 28*t**2 - 24*t + 8. Determine c(-13).
-18
Let i(n) = 14*n - 162. Calculate i(15).
48
Let i(b) = 2688*b + 5351. What is i(-2)?
-25
Let c(f) = f**2 + 60*f + 884. Calculate c(-32).
-12
Let b(a) = 8*a + 207. Determine b(-20).
47
Let r(y) = 2*y**2 + 46*y + 261. Give r(-14).
9
Let d(s) = -s**3 - 22*s**2 + 203*s - 10. Determine d(-29).
-10
Let i(r) = -157*r - 14622. Determine i(-93).
-21
Let f(c) = -12*c**2 - 4*c + 17. Calculate f(5).
-303
Let r(t) = t**3 - 11*t**2 - 82*t + 53. What is r(16)?
21
Let s(h) = h**2 + 10*h - 91. Calculate s(-10).
-91
Let u(o) = 8*o**2 + 12*o - 5. What is u(2)?
51
Let k(y) = -2*y**3 - 28*y**2 + 116*y + 1531. What is k(-14)?
-93
Let j(a) = 2*a**3 + 112*a**2 + 426*a + 17389. Give j(-55).
9
Let y(w) = -495*w - 3906. What is y(-8)?
54
Let m(r) = -2*r**3 + 20*r**2 + 9*r + 29. What is m(10)?
119
Let w(q) = -2*q**2 + 21*q + 76. Give w(13).
11
Let u(n) = -12*n**3 + 57*n**2 + 12*n - 4. Calculate u(5).
-19
Let q(h) = 3*h**3 + 56*h**2 + 78*h + 95. What is q(-18)?
-661
Let v(x) = -x**2 + 21*x - 87. What is v(15)?
3
Let r(b) = -13*b + 499. What is r(39)?
-8
Let i(z) = -160*z + 1323. Give i(11).
-437
Let q(y) = 16*y**2 + 71*y + 65. Give q(-4).
37
Let p(y) = 244*y - 1213. Give p(5).
7
Let r(u) = u**3 + 9*u**2 + 62*u + 588. Determine r(-8).
156
Let a(l) = 545*l - 7653. Determine a(14).
-23
Let t(s) = 112*s**2 + 1114*s - 53. Determine t(-10).
7
Let f(p) = -p**2 - 8*p - 10. Determine f(-4).
6
Let n(h) = -2*h**2 + 94*h + 1286. Determine n(58).
10
Let r(q) = -